et y be i(5). Suppose y + b = 11*o. Is o composite?
False
Let h = 135757 - 32288. Is h a composite number?
True
Suppose -5*a - 5*k = -100, a + 0*k - 5*k - 26 = 0. Let j be ((-32)/60)/((-2)/10)*a. Is (18 + j)/((-2)/(-7)) a prime number?
False
Let o(m) = 9*m**3 + 2*m**2 - 3*m + 308887. Is o(0) composite?
False
Let c(z) = -z**3 + 156*z**2 + 261*z - 3275. Is c(146) composite?
False
Let h be 43423/3 + 22/33. Let i = -6398 + h. Is i a composite number?
True
Let l(u) = 11*u**2 + 139*u - 1763. Is l(105) a composite number?
True
Suppose -32*u = -65*u + 132. Suppose -4*x + 4671 = u*t - 9209, -4*t + 13895 = -x. Is t composite?
True
Let u = -53 + 82. Suppose -13 + u = 4*a. Is 143980/80 - (-5)/a prime?
True
Let u(t) = 101*t**2 - 63*t - 179. Is u(21) composite?
True
Let c(r) = 9*r - 17 + 12*r + 35*r**2 - 4*r. Let o be -11 - 1*(-5 - -4 - 3). Is c(o) prime?
True
Suppose 31*v - 32*v = -16. Suppose 4*y = 4*p + 17044, -7*p = -11*p + v. Is y a composite number?
True
Suppose 9*g - 4*g = -15. Let r be 0/(g/9*9/(-3)). Suppose r = 4*n - 8387 - 3505. Is n a prime number?
False
Let n = -136 - -134. Is -2946*14/63*3/n prime?
False
Let u be (-8 - -4)/((-2)/(-3)). Suppose 5*h - 165 = -5*s, 3*h - 124 = s + s. Is -26*h/8*12/u a composite number?
True
Let b = 62 - 31. Suppose b - 15 = 4*z. Is 814/z - (-17)/(-34) a prime number?
False
Let l = 516 - 486. Is ((-35)/l)/(9/(-64854)) a composite number?
True
Let j(c) be the second derivative of -c**3/6 + 5*c**2/2 + 33*c. Let h be j(2). Suppose 2*i = -i + h*a + 2628, -i + 880 = 3*a. Is i composite?
False
Suppose -2*d + 16 = 4. Let h(w) = 314*w - 83. Is h(d) composite?
False
Let d be 5 + -36 + -2 + 0. Let j = d - -36. Suppose j*t - 913 = 6272. Is t a prime number?
False
Suppose -29590104 - 6664328 + 2176483 = -157*n. Is n a prime number?
True
Let z(k) = 19885*k - 45. Let p be z(-3). Let b = -18754 - p. Suppose -b = -11*j + 60617. Is j prime?
False
Suppose 16 = 2*d + z, -18 = 2*d - 5*d - 3*z. Suppose 0 = d*x - 33*x + 2921. Is x a composite number?
False
Suppose -5*s = 620 - 37945. Suppose -3*n + 14957 = -n + 5*d, n - s = 2*d. Is n prime?
False
Let v(n) = -817*n - 27. Let u be v(-10). Let z = u + -1547. Let s = z - 3159. Is s composite?
True
Let c(d) = d**3 - 21*d**2 + 3. Let l be c(21). Suppose -17616 = -3*z + 2*j + 2*j, -3*z = -l*j - 17616. Suppose -3917 = -3*s + z. Is s a prime number?
False
Let c = -270 + 169. Let q = c + 249. Let a = q - 86. Is a a prime number?
False
Suppose -5*w + 10 = 0, 7*s + 2*w = 2*s + 19. Is -6 - -7377*1/s composite?
True
Suppose -2 = 2*d - 3*h + 7*h, 0 = d + 3*h + 3. Is d/(-12)*(-1 - 1)*10606 composite?
False
Let g be ((-406)/(-21))/(10/15). Is (g/3)/((-29)/(-4611)) a composite number?
True
Let w(a) = -8*a - 10. Let t be w(-2). Suppose 0 = -l + 3*h - 15, 4*l - t*l - 4*h = 30. Is (l/(-9) - 1)/((-8)/(-1524)) composite?
False
Suppose 80 = -p - 32. Is 2/7 - 16208/p composite?
True
Let v be 2 - -4*5/(-10). Let w(a) = -3*a + 9 + 13*a**2 - 4 + v*a**2 + 4*a**2. Is w(3) prime?
True
Let u be (189/3)/3*(-13)/(-3). Let x = -87 + u. Is x/2*10092/24 prime?
False
Suppose 0 = 18*q + 23*q + 3*q - 5687572. Is q composite?
False
Let z(p) = -11024*p - 9. Suppose -3*k - 2*n + 5 = 2*n, -4*n + 7 = k. Is z(k) a composite number?
True
Let k be 195/(-27) - (-6)/27. Let j = -1 - k. Is -3 + (520 - (4 - j)) prime?
False
Let u(c) = -2281*c**3 - 2*c**2 + 35*c + 51. Is u(-5) prime?
False
Let r = 378 + -343. Suppose r*a - 54112 = 3*a. Is a composite?
True
Let c = 522647 - 114774. Is c a composite number?
True
Suppose 114575641 + 27137813 = 6*y + 172*y. Is y prime?
False
Suppose -469 + 7 = 6*h. Let t = h - -580. Let v = t + 690. Is v a prime number?
True
Let w be (-7 + -13)*4/(-10). Let q(i) = -i**3 + 14*i**2 - 10*i - 11. Is q(w) composite?
False
Suppose 21*c - 131922 = 197547. Is c a prime number?
False
Suppose 5*r = -5*h - 3510, 4*h - r + 1255 = -1568. Let q = h + 258. Is (q/(-4))/((-3)/(-4)) prime?
True
Let o be ((0 - 0) + 1)/(2/414). Let j be 1*(-7 - -5) - (-1 + o). Let t = 305 + j. Is t composite?
False
Suppose -5*c + 3 - 18 = 0. Let r be (0 + 1 - -2)*-1. Is r + (1 - (-102 - c)) prime?
True
Let j = 263073 + 544348. Is j composite?
True
Let u = 115428 - 58673. Is u a composite number?
True
Suppose 3*h - 3 = 0, 4*d + 3*h - 226 = -75. Let n = d - 29. Suppose -n*c + 7702 = -13938. Is c prime?
False
Let j(c) = c**3 + 9*c**2 + c + 13. Let k be 0 + 2 + (-9 - -1) + -3. Let h be j(k). Suppose -3*x = h*t - 3445, -3*x + 830 + 2625 = -t. Is x a prime number?
True
Suppose -71*c + 34*c = -41*c + 40604. Is c a composite number?
False
Suppose -13*l = -154 - 33451. Let b(z) = 3*z**3 + 1. Let d be b(1). Suppose -d*w - l = -9*w. Is w composite?
True
Let g = 288 + -694. Let y be g/((-18)/10 - -2). Let u = y + 3391. Is u a prime number?
True
Suppose p + 4*z - 33617 = 4831, 2*p - 76887 = -5*z. Is 1/(12824/p + 3/(-9)) composite?
False
Suppose 170*a = 92*a + 3141606. Is a a composite number?
False
Let z be (2 + (-23710)/(-8))/((-2)/(-168)). Suppose -14*n - 7*n = -z. Is n a prime number?
True
Let r(o) = 38*o - 1290. Let m be r(34). Let q = 306 + -199. Suppose -g + 27 = -2*c + c, -5*g - m*c = -q. Is g a prime number?
True
Let t(b) = 132*b**2 + 7*b + 5. Let h be t(-4). Let k = 313 - 1159. Let o = h - k. Is o composite?
True
Let n = 2586 - -14669. Suppose j + 10107 = m, 5*j = -2*m + n + 2973. Is m a composite number?
True
Let x(v) = 13428*v + 8687. Is x(6) a prime number?
False
Let k be (-5)/(1 - (-7168)/(-7176)). Let j = k + 6286. Is j a composite number?
False
Let i = 95121 + 135016. Is i composite?
False
Let t(o) = -o**3 + 26*o**2 + 103*o - 93. Suppose -27*l + 292 = -491. Is t(l) prime?
False
Let i = -146 - -103. Let b = i + 38. Let k(a) = -2*a**3 - 5*a**2 - 10*a + 3. Is k(b) a composite number?
True
Let w(s) = 3*s - 14. Let y be w(6). Suppose -5*i + y*i + 2145 = -4*l, -2*i - l = -4308. Is i a prime number?
True
Let z = 1116 - 627. Let m be (-1 + -2)/3*-3. Is (2 + z/9)*m a composite number?
True
Let w = 24 + -6. Is 6/w + 10156/6 a composite number?
False
Suppose n = -2*z - 2475, -2*n + 23*z - 4942 = 19*z. Let l = -1566 - n. Is l a composite number?
False
Suppose -2*l + 4713914 + 2912285 = 7*q, -3*q = 3*l - 3268371. Is q prime?
True
Let r(n) = -158*n + 28. Let v be r(-17). Let a = -1605 + v. Is a a composite number?
False
Let u(j) = 16*j + 100. Let v be u(-6). Suppose 5444 = v*b - 9240. Is b a prime number?
True
Suppose 2*c - 17 = -11. Is ((-8)/((-320)/30))/(c/2648) a composite number?
True
Let g be ((-2)/(-7))/(-1) - 1046601/63. Let a = -11232 - g. Is a a composite number?
False
Let l(g) = -513*g - 112. Let o be l(-12). Let u = -1093 + o. Is u composite?
False
Suppose 45038 = -71*g + 550203. Is g a composite number?
True
Let l(f) = 58*f**3 + 5*f**2 + 25*f + 73. Is l(20) prime?
True
Let r(p) = 196487*p**2 - 33*p - 3. Is r(2) composite?
False
Let r(u) = 2*u**3 + u**2 + 2*u + 7666. Let j(n) = 19*n. Let g be j(0). Is r(g) composite?
True
Let y(x) = 2*x**3 - 10*x**2 + 8*x + 321. Is y(11) a composite number?
False
Suppose 0 = 14*j - 29 - 27. Suppose j*a + n - 1331 = a, -3*a + 1335 = 3*n. Is a prime?
True
Let j = -321872 + 649879. Is j prime?
True
Let b be 6*(11/(-33) + (-3)/(-3)). Suppose 3*w - 1584 = -3*q, 7*q - 1592 = b*q + 5*w. Is q composite?
True
Suppose 4*u + 6*x + 571 = x, -2*u - 275 = -x. Let b = 87 - u. Is b + -3 + 0/6 a prime number?
True
Is 6*(-44)/(-48)*1814 prime?
False
Suppose -56*a + 11829952 = 41*a + 3677393. Is a a composite number?
False
Let g(h) be the second derivative of 11*h**4/12 - 4*h**3/3 + 12*h**2 - 9*h + 1. Is g(5) prime?
False
Suppose 15*z - 1013143 = 799022. Is z a prime number?
True
Let m = -232 - -230. Is 7789*(-13)/26*(m - 0) composite?
False
Let f(c) = -58 + 17*c + 54*c**2 - 68*c**2 + 26*c**2. Is f(25) prime?
True
Let z(y) = -y**3 + 4*y**2 - 5*y + 5. Let q be z(2). Let c be (-257745)/(-60) - q*(-2)/(-8). Let v = c - 2002. Is v prime?
True
Let p = 123232 - 70595. Is p composite?
True
Suppose -107*v + 1113335 + 481094 = -7687072. Is v composite?
False
Is (-10)/(-12 - (-6522128)/543512) prime?
False
Let j(v) = -2*v + 22. Let i be j(7). Is i/(-14) + 8/(280/564465) a composite number?
False
Let h = 13024 + -225. Is h a prime number?
True
Suppose 4*k - 57824 = -u - 3*u, 2*u - 28897 = 3*k. Is u a composite number?
True
Suppose -5*d +